ousands digit of 84583?
8
What is the hundred thousands digit of 13265010?
2
What is the hundreds digit of 686381?
3
What is the hundreds digit of 1899627?
6
What is the units digit of 62771?
1
What is the hundred thousands digit of 5168940?
1
What is the tens digit of 3389788?
8
What is the hundreds digit of 17419?
4
What is the tens digit of 65858?
5
What is the hundreds digit of 1916188?
1
What is the ten thousands digit of 10739822?
3
What is the thousands digit of 6322851?
2
What is the thousands digit of 495709?
5
What is the hundreds digit of 101417?
4
What is the tens digit of 4319170?
7
What is the thousands digit of 1729283?
9
What is the tens digit of 11154167?
6
What is the tens digit of 725045?
4
What is the units digit of 6158565?
5
What is the ten thousands digit of 513232?
1
What is the hundreds digit of 354474?
4
What is the hundred thousands digit of 185545?
1
What is the hundreds digit of 267954?
9
What is the ten millions digit of 12775190?
1
What is the ten thousands digit of 402734?
0
What is the ten thousands digit of 214656?
1
What is the hundreds digit of 3971018?
0
What is the units digit of 310280?
0
What is the thousands digit of 5169989?
9
What is the tens digit of 1502815?
1
What is the tens digit of 1409028?
2
What is the tens digit of 399314?
1
What is the hundreds digit of 42137?
1
What is the hundreds digit of 130264?
2
What is the tens digit of 39791?
9
What is the ten thousands digit of 9838186?
3
What is the ten thousands digit of 307093?
0
What is the units digit of 139349?
9
What is the hundreds digit of 1223039?
0
What is the ten thousands digit of 1568708?
6
What is the thousands digit of 273482?
3
What is the hundred thousands digit of 1368285?
3
What is the ten thousands digit of 2041656?
4
What is the units digit of 387624?
4
What is the ten thousands digit of 29709?
2
What is the hundreds digit of 16751671?
6
What is the thousands digit of 792823?
2
What is the hundred thousands digit of 145605?
1
What is the hundred thousands digit of 584176?
5
What is the tens digit of 13375959?
5
What is the ten thousands digit of 6227239?
2
What is the thousands digit of 138034?
8
What is the tens digit of 22564?
6
What is the ten thousands digit of 1765389?
6
What is the thousands digit of 4476544?
6
What is the thousands digit of 1331893?
1
What is the tens digit of 5466690?
9
What is the tens digit of 2430891?
9
What is the units digit of 654299?
9
What is the tens digit of 12457987?
8
What is the tens digit of 3956559?
5
What is the millions digit of 7090824?
7
What is the millions digit of 13988358?
3
What is the hundreds digit of 5001678?
6
What is the hundreds digit of 374030?
0
What is the thousands digit of 76542?
6
What is the thousands digit of 253955?
3
What is the hundred thousands digit of 266610?
2
What is the hundreds digit of 1379540?
5
What is the hundred thousands digit of 44826183?
8
What is the tens digit of 102565?
6
What is the hundred thousands digit of 217658?
2
What is the ten thousands digit of 120266?
2
What is the hundred thousands digit of 23580036?
5
What is the units digit of 3838692?
2
What is the units digit of 1396956?
6
What is the units digit of 2128085?
5
What is the thousands digit of 179233?
9
What is the hundred thousands digit of 580792?
5
What is the hundreds digit of 3009246?
2
What is the tens digit of 89617?
1
What is the ten thousands digit of 522118?
2
What is the units digit of 829616?
6
What is the thousands digit of 20651632?
1
What is the hundreds digit of 17111144?
1
What is the ten thousands digit of 90686?
9
What is the hundred thousands digit of 25830777?
8
What is the thousands digit of 2974670?
4
What is the units digit of 6985100?
0
What is the ten thousands digit of 769974?
6
What is the hundred thousands digit of 3125665?
1
What is the hundreds digit of 14946?
9
What is the ten thousands digit of 142402?
4
What is the hundred thousands digit of 7515504?
5
What is the hundred thousands digit of 132445?
1
What is the hundreds digit of 308778?
7
What is the ten thousands digit of 29593111?
9
What is the ten thousands digit of 1143537?
4
What is the thousands digit of 4718144?
8
What is the tens digit of 2652487?
8
What is the thousands digit of 183883?
3
What is the tens digit of 107740?
4
What is the thousands digit of 69069?
9
What is the hundreds digit of 216472?
4
What is the hundred thousands digit of 1485861?
4
What is the ten thousands digit of 6796587?
9
What is the thousands digit of 1525590?
5
What is the units digit of 692258?
8
What is the thousands digit of 197013?
7
What is the ten millions digit of 29818437?
2
What is the units digit of 3785644?
4
What is the millions digit of 1257883?
1
What is the ten millions digit of 15699061?
1
What is the millions digit of 31072060?
1
What is the thousands digit of 85307?
5
What is the hundreds digit of 1448375?
3
What is the thousands digit of 26077859?
7
What is the hundred thousands digit of 132925?
1
What is the thousands digit of 25817448?
7
What is the hundreds digit of 13046434?
4
What is the ten thousands digit of 301868?
0
What is the hundred thousands digit of 3866625?
8
What is the ten thousands digit of 353935?
5
What is the hundreds digit of 13992?
9
What is the units digit of 1908937?
7
What is the units digit of 415006?
6
What is the ten thousands digit of 15278088?
7
What is the units digit of 9825232?
2
What is the hundred thousands digit of 1017719?
0
What is the hundreds digit of 30960?
9
What is the millions digit of 8199682?
8
What is the units digit of 1451524?
4
What is the ten thousands digit of 14480463?
8
What is the millions digit of 5137627?
5
What is the ten millions digit of 27433464?
2
What is the ten thousands digit of 81757?
8
What is the hundreds digit of 32071853?
8
What is the thousands digit of 43208?
3
What is the hundred thousands digit of 10420789?
4
What is the hundreds digit of 364999?
9
What is the tens digit of 374934?
3
What is the hundred thousands digit of 249721?
2
What is the millions digit of 4494991?
4
What is the ten millions digit of 18369166?
1
What is the units digit of 240346?
6
What is the hundreds digit of 165215?
2
What is the millions digit of 1530091?
1
What is the hundreds digit of 1419024?
0
What is the hundred thousands digit of 3785542?
7
What is the hundreds digit of 313695?
6
What is the hundreds digit of 708360?
3
What is the millions digit of 1782124?
1
What is the ten thousands digit of 320634?
2
What is the hundreds digit of 553913?
9
What is the millions digit of 3429360?
3
What is the tens digit of 343749?
4
What is the units digit of 120954?
4
What is the hundreds digit of 11590070?
0
What is the units digit of 55374?
4
What is the ten thousands digit of 443177?
4
What is the hundreds digit of 1167355?
3
What is the millions digit of 1041381?
1
What is the thousands digit of 725162?
5
What is the units digit of 352969?
9
What is the hundred thousands digit of 160226?
1
What is the hundred thousands digit of 1264625?
2
What is the millions digit of 1025930?
1
What is the tens digit of 726009?
0
What is the units digit of 303084?
4
What is the units digit of 231574?
4
What is the thousands digit of 234264?
4
What is the units digit of 150678?
8
What is the tens digit of 138411?
1
What is the hundreds digit of 6246001?
0
What is the units digit of 167898?
8
What is the thousands digit of 739860?
9
What is the tens digit of 900327?
2
What is the tens digit of 3511209?
0
What is the hundred thousands digit of 5799690?
7
What is the hundreds digit of 10962280?
2
What is the tens digit of 1424191?
9
What is the tens digit of 10963580?
8
What is the millions digit of 23010857?
3
What is the units digit of 14525352?
2
What is the hundreds digit of 31198974?
9
What is the thousands digit of 8299?
8
What is the millions digit of 1446148?
1
What is the thousands digit of 2597646?
7
What is the tens digit of 5535149?
4
What is the hundreds digit of 1637830?
8
What is the hundreds digit of 6689595?
5
What is the tens digit of 1454959?
5
What is the tens digit of 398804?
0
What is the thousands digit of 10482745?
2
What is the tens digit of 34884754?
5
What is the thousands digit of 306452?
6
What is the thousands digit of 64234?
4
What i